{"id":404,"date":"2024-09-16T09:02:34","date_gmt":"2024-09-16T09:02:34","guid":{"rendered":"https:\/\/www.arthistorian.hu\/editandras\/?page_id=404"},"modified":"2024-09-16T12:16:27","modified_gmt":"2024-09-16T12:16:27","slug":"imaginary-transgression-contemporary-art-and-critical-theories-on-the-eastern-part-of-europe","status":"publish","type":"page","link":"https:\/\/www.arthistorian.hu\/editandras\/imaginary-transgression-contemporary-art-and-critical-theories-on-the-eastern-part-of-europe\/","title":{"rendered":"Imaginary Transgression: Contemporary Art and Critical Theories on the Eastern Part of Europe (Hat\u00e1rs\u00e9rt\u0151 k\u00e9pzelet \u2013 Kort\u00e1rs m\u0171v\u00e9szet \u00e9s kritikai elm\u00e9let Eur\u00f3pa keleti fel\u00e9n.)"},"content":{"rendered":"<figure class=\"wp-block-image alignleft size-large is-resized\"><img decoding=\"async\" src=\"https:\/\/www.arthistorian.hu\/editandras\/wp-content\/uploads\/2023\/11\/AE-Hatarserto-kepzelet.jpg\" alt=\"\" class=\"wp-image-46\" style=\"width:190px;height:253px\"\/><\/figure>\n\n\n<p class=\"has-small-font-size\"><br>Imaginary transgression: Contemporary Art and Critical Theories on the Eastern Part of Europe (Hat\u00e1rs\u00e9rt\u0151 k\u00e9pzelet \u2013 Kort\u00e1rs m\u0171v\u00e9szet \u00e9s kritikai elm\u00e9let Eur\u00f3pa keleti fel\u00e9n.) Budapest: MTA B\u00f6lcs\u00e9szettudom\u00e1nyi Kutat\u00f3k\u00f6zpont, 2023 [in Hungarian]<\/p>\n\n\n\n<p class=\"has-small-font-size\">If I had to say in a nutshell what kind of book Edit Andr\u00e1s has written, the first thing that would come to mind is: outspoken. The second would be: unorthodox. Wherever you look, you will not find any ambiguity, evasion, or vague allusions. The text is argumentative and critical, taking the reader from the euphoric and unexpectedly bitter decade after the change of regime when \u201ca world collapsed\u201d and the new one was far from its best-through the unending global political, economic, and mental crisis of the 2000s-to our current oppressive life, plagued by pandemics and war nearby.<br><br>What has happened and is happening to us \u2013 and, of course, to art and artists in particular \u2013 needs to be understood, and an art historian today must contribute to this process of comprehension. In her analyses and investigations, Edit applies the methods of critical art history and contemporary historical theory; she criticizes and argues with her colleagues with due respect, but also with courage. A productive tension runs through all the chapters. <br><br>The contemporary art she is most interested in, and has long been engaged with, is essentially conceptual in character, socially sensitive, not without activist overtones, liberating of the imagination, and, above all, daring. That is a third adjective, and I can safely add it to the first two, because that is what this book has become. It is a rare moment in the history of art writing in this country. Let us treat it with respect and appreciate it.<br>(G\u00e1bor Andr\u00e1si, editor)<\/p>\n\n\n\n<figure class=\"wp-block-gallery has-nested-images columns-default is-cropped wp-block-gallery-1 is-layout-flex wp-block-gallery-is-layout-flex\">\n<figure data-wp-context=\"{&quot;imageId&quot;:&quot;6a062499a9760&quot;}\" data-wp-interactive=\"core\/image\" data-wp-key=\"6a062499a9760\" class=\"wp-block-image size-large wp-lightbox-container\"><img loading=\"lazy\" decoding=\"async\" width=\"689\" height=\"1024\" data-wp-class--hide=\"state.isContentHidden\" data-wp-class--show=\"state.isContentVisible\" data-wp-init=\"callbacks.setButtonStyles\" data-wp-on--click=\"actions.showLightbox\" data-wp-on--load=\"callbacks.setButtonStyles\" data-wp-on-window--resize=\"callbacks.setButtonStyles\" data-id=\"408\" src=\"https:\/\/www.arthistorian.hu\/editandras\/wp-content\/uploads\/2024\/09\/Edit.Andras.hatarserto-kepzelet-bemutato1-689x1024.jpg\" alt=\"\" class=\"wp-image-408\" srcset=\"https:\/\/www.arthistorian.hu\/editandras\/wp-content\/uploads\/2024\/09\/Edit.Andras.hatarserto-kepzelet-bemutato1-689x1024.jpg 689w, https:\/\/www.arthistorian.hu\/editandras\/wp-content\/uploads\/2024\/09\/Edit.Andras.hatarserto-kepzelet-bemutato1-202x300.jpg 202w, https:\/\/www.arthistorian.hu\/editandras\/wp-content\/uploads\/2024\/09\/Edit.Andras.hatarserto-kepzelet-bemutato1-768x1141.jpg 768w, https:\/\/www.arthistorian.hu\/editandras\/wp-content\/uploads\/2024\/09\/Edit.Andras.hatarserto-kepzelet-bemutato1-1033x1536.jpg 1033w, https:\/\/www.arthistorian.hu\/editandras\/wp-content\/uploads\/2024\/09\/Edit.Andras.hatarserto-kepzelet-bemutato1.jpg 1273w\" sizes=\"auto, (max-width: 689px) 100vw, 689px\" \/><button\n\t\t\tclass=\"lightbox-trigger\"\n\t\t\ttype=\"button\"\n\t\t\taria-haspopup=\"dialog\"\n\t\t\taria-label=\"Enlarge\"\n\t\t\tdata-wp-init=\"callbacks.initTriggerButton\"\n\t\t\tdata-wp-on--click=\"actions.showLightbox\"\n\t\t\tdata-wp-style--right=\"state.imageButtonRight\"\n\t\t\tdata-wp-style--top=\"state.imageButtonTop\"\n\t\t>\n\t\t\t<svg xmlns=\"http:\/\/www.w3.org\/2000\/svg\" width=\"12\" height=\"12\" fill=\"none\" viewBox=\"0 0 12 12\">\n\t\t\t\t<path fill=\"#fff\" d=\"M2 0a2 2 0 0 0-2 2v2h1.5V2a.5.5 0 0 1 .5-.5h2V0H2Zm2 10.5H2a.5.5 0 0 1-.5-.5V8H0v2a2 2 0 0 0 2 2h2v-1.5ZM8 12v-1.5h2a.5.5 0 0 0 .5-.5V8H12v2a2 2 0 0 1-2 2H8Zm2-12a2 2 0 0 1 2 2v2h-1.5V2a.5.5 0 0 0-.5-.5H8V0h2Z\" \/>\n\t\t\t<\/svg>\n\t\t<\/button><\/figure>\n\n\n\n<figure data-wp-context=\"{&quot;imageId&quot;:&quot;6a062499a9bff&quot;}\" data-wp-interactive=\"core\/image\" data-wp-key=\"6a062499a9bff\" class=\"wp-block-image size-large wp-lightbox-container\"><img loading=\"lazy\" decoding=\"async\" width=\"1024\" height=\"683\" data-wp-class--hide=\"state.isContentHidden\" data-wp-class--show=\"state.isContentVisible\" data-wp-init=\"callbacks.setButtonStyles\" data-wp-on--click=\"actions.showLightbox\" data-wp-on--load=\"callbacks.setButtonStyles\" data-wp-on-window--resize=\"callbacks.setButtonStyles\" data-id=\"409\" src=\"https:\/\/www.arthistorian.hu\/editandras\/wp-content\/uploads\/2024\/09\/Edit.Andras.hatarserto-kepzelet-bemutato2-1024x683.jpg\" alt=\"\" class=\"wp-image-409\" srcset=\"https:\/\/www.arthistorian.hu\/editandras\/wp-content\/uploads\/2024\/09\/Edit.Andras.hatarserto-kepzelet-bemutato2-1024x683.jpg 1024w, https:\/\/www.arthistorian.hu\/editandras\/wp-content\/uploads\/2024\/09\/Edit.Andras.hatarserto-kepzelet-bemutato2-300x200.jpg 300w, https:\/\/www.arthistorian.hu\/editandras\/wp-content\/uploads\/2024\/09\/Edit.Andras.hatarserto-kepzelet-bemutato2-768x512.jpg 768w, https:\/\/www.arthistorian.hu\/editandras\/wp-content\/uploads\/2024\/09\/Edit.Andras.hatarserto-kepzelet-bemutato2-1536x1024.jpg 1536w, https:\/\/www.arthistorian.hu\/editandras\/wp-content\/uploads\/2024\/09\/Edit.Andras.hatarserto-kepzelet-bemutato2-2048x1366.jpg 2048w\" sizes=\"auto, (max-width: 1024px) 100vw, 1024px\" \/><button\n\t\t\tclass=\"lightbox-trigger\"\n\t\t\ttype=\"button\"\n\t\t\taria-haspopup=\"dialog\"\n\t\t\taria-label=\"Enlarge\"\n\t\t\tdata-wp-init=\"callbacks.initTriggerButton\"\n\t\t\tdata-wp-on--click=\"actions.showLightbox\"\n\t\t\tdata-wp-style--right=\"state.imageButtonRight\"\n\t\t\tdata-wp-style--top=\"state.imageButtonTop\"\n\t\t>\n\t\t\t<svg xmlns=\"http:\/\/www.w3.org\/2000\/svg\" width=\"12\" height=\"12\" fill=\"none\" viewBox=\"0 0 12 12\">\n\t\t\t\t<path fill=\"#fff\" d=\"M2 0a2 2 0 0 0-2 2v2h1.5V2a.5.5 0 0 1 .5-.5h2V0H2Zm2 10.5H2a.5.5 0 0 1-.5-.5V8H0v2a2 2 0 0 0 2 2h2v-1.5ZM8 12v-1.5h2a.5.5 0 0 0 .5-.5V8H12v2a2 2 0 0 1-2 2H8Zm2-12a2 2 0 0 1 2 2v2h-1.5V2a.5.5 0 0 0-.5-.5H8V0h2Z\" \/>\n\t\t\t<\/svg>\n\t\t<\/button><\/figure>\n\n\n\n<figure data-wp-context=\"{&quot;imageId&quot;:&quot;6a062499aa0d8&quot;}\" data-wp-interactive=\"core\/image\" data-wp-key=\"6a062499aa0d8\" class=\"wp-block-image size-large wp-lightbox-container\"><img loading=\"lazy\" decoding=\"async\" width=\"1024\" height=\"683\" data-wp-class--hide=\"state.isContentHidden\" data-wp-class--show=\"state.isContentVisible\" data-wp-init=\"callbacks.setButtonStyles\" data-wp-on--click=\"actions.showLightbox\" data-wp-on--load=\"callbacks.setButtonStyles\" data-wp-on-window--resize=\"callbacks.setButtonStyles\" data-id=\"405\" src=\"https:\/\/www.arthistorian.hu\/editandras\/wp-content\/uploads\/2024\/09\/Edit.Andras.hatarserto-kepzelet-bemutato4-1024x683.jpg\" alt=\"\" class=\"wp-image-405\" srcset=\"https:\/\/www.arthistorian.hu\/editandras\/wp-content\/uploads\/2024\/09\/Edit.Andras.hatarserto-kepzelet-bemutato4-1024x683.jpg 1024w, https:\/\/www.arthistorian.hu\/editandras\/wp-content\/uploads\/2024\/09\/Edit.Andras.hatarserto-kepzelet-bemutato4-300x200.jpg 300w, https:\/\/www.arthistorian.hu\/editandras\/wp-content\/uploads\/2024\/09\/Edit.Andras.hatarserto-kepzelet-bemutato4-768x512.jpg 768w, https:\/\/www.arthistorian.hu\/editandras\/wp-content\/uploads\/2024\/09\/Edit.Andras.hatarserto-kepzelet-bemutato4-1536x1024.jpg 1536w, https:\/\/www.arthistorian.hu\/editandras\/wp-content\/uploads\/2024\/09\/Edit.Andras.hatarserto-kepzelet-bemutato4-2048x1366.jpg 2048w\" sizes=\"auto, (max-width: 1024px) 100vw, 1024px\" \/><button\n\t\t\tclass=\"lightbox-trigger\"\n\t\t\ttype=\"button\"\n\t\t\taria-haspopup=\"dialog\"\n\t\t\taria-label=\"Enlarge\"\n\t\t\tdata-wp-init=\"callbacks.initTriggerButton\"\n\t\t\tdata-wp-on--click=\"actions.showLightbox\"\n\t\t\tdata-wp-style--right=\"state.imageButtonRight\"\n\t\t\tdata-wp-style--top=\"state.imageButtonTop\"\n\t\t>\n\t\t\t<svg xmlns=\"http:\/\/www.w3.org\/2000\/svg\" width=\"12\" height=\"12\" fill=\"none\" viewBox=\"0 0 12 12\">\n\t\t\t\t<path fill=\"#fff\" d=\"M2 0a2 2 0 0 0-2 2v2h1.5V2a.5.5 0 0 1 .5-.5h2V0H2Zm2 10.5H2a.5.5 0 0 1-.5-.5V8H0v2a2 2 0 0 0 2 2h2v-1.5ZM8 12v-1.5h2a.5.5 0 0 0 .5-.5V8H12v2a2 2 0 0 1-2 2H8Zm2-12a2 2 0 0 1 2 2v2h-1.5V2a.5.5 0 0 0-.5-.5H8V0h2Z\" \/>\n\t\t\t<\/svg>\n\t\t<\/button><\/figure>\n\n\n\n<figure data-wp-context=\"{&quot;imageId&quot;:&quot;6a062499aa535&quot;}\" data-wp-interactive=\"core\/image\" data-wp-key=\"6a062499aa535\" class=\"wp-block-image size-large wp-lightbox-container\"><img loading=\"lazy\" decoding=\"async\" width=\"1024\" height=\"683\" data-wp-class--hide=\"state.isContentHidden\" data-wp-class--show=\"state.isContentVisible\" data-wp-init=\"callbacks.setButtonStyles\" data-wp-on--click=\"actions.showLightbox\" data-wp-on--load=\"callbacks.setButtonStyles\" data-wp-on-window--resize=\"callbacks.setButtonStyles\" data-id=\"406\" src=\"https:\/\/www.arthistorian.hu\/editandras\/wp-content\/uploads\/2024\/09\/Edit.Andras.hatarserto-kepzelet-bemutato3-1024x683.jpg\" alt=\"\" class=\"wp-image-406\" srcset=\"https:\/\/www.arthistorian.hu\/editandras\/wp-content\/uploads\/2024\/09\/Edit.Andras.hatarserto-kepzelet-bemutato3-1024x683.jpg 1024w, https:\/\/www.arthistorian.hu\/editandras\/wp-content\/uploads\/2024\/09\/Edit.Andras.hatarserto-kepzelet-bemutato3-300x200.jpg 300w, https:\/\/www.arthistorian.hu\/editandras\/wp-content\/uploads\/2024\/09\/Edit.Andras.hatarserto-kepzelet-bemutato3-768x512.jpg 768w, https:\/\/www.arthistorian.hu\/editandras\/wp-content\/uploads\/2024\/09\/Edit.Andras.hatarserto-kepzelet-bemutato3-1536x1024.jpg 1536w, https:\/\/www.arthistorian.hu\/editandras\/wp-content\/uploads\/2024\/09\/Edit.Andras.hatarserto-kepzelet-bemutato3-2048x1366.jpg 2048w\" sizes=\"auto, (max-width: 1024px) 100vw, 1024px\" \/><button\n\t\t\tclass=\"lightbox-trigger\"\n\t\t\ttype=\"button\"\n\t\t\taria-haspopup=\"dialog\"\n\t\t\taria-label=\"Enlarge\"\n\t\t\tdata-wp-init=\"callbacks.initTriggerButton\"\n\t\t\tdata-wp-on--click=\"actions.showLightbox\"\n\t\t\tdata-wp-style--right=\"state.imageButtonRight\"\n\t\t\tdata-wp-style--top=\"state.imageButtonTop\"\n\t\t>\n\t\t\t<svg xmlns=\"http:\/\/www.w3.org\/2000\/svg\" width=\"12\" height=\"12\" fill=\"none\" viewBox=\"0 0 12 12\">\n\t\t\t\t<path fill=\"#fff\" d=\"M2 0a2 2 0 0 0-2 2v2h1.5V2a.5.5 0 0 1 .5-.5h2V0H2Zm2 10.5H2a.5.5 0 0 1-.5-.5V8H0v2a2 2 0 0 0 2 2h2v-1.5ZM8 12v-1.5h2a.5.5 0 0 0 .5-.5V8H12v2a2 2 0 0 1-2 2H8Zm2-12a2 2 0 0 1 2 2v2h-1.5V2a.5.5 0 0 0-.5-.5H8V0h2Z\" \/>\n\t\t\t<\/svg>\n\t\t<\/button><\/figure>\n\n\n\n<figure data-wp-context=\"{&quot;imageId&quot;:&quot;6a062499aa99a&quot;}\" data-wp-interactive=\"core\/image\" data-wp-key=\"6a062499aa99a\" class=\"wp-block-image size-large wp-lightbox-container\"><img loading=\"lazy\" decoding=\"async\" width=\"1024\" height=\"683\" data-wp-class--hide=\"state.isContentHidden\" data-wp-class--show=\"state.isContentVisible\" data-wp-init=\"callbacks.setButtonStyles\" data-wp-on--click=\"actions.showLightbox\" data-wp-on--load=\"callbacks.setButtonStyles\" data-wp-on-window--resize=\"callbacks.setButtonStyles\" data-id=\"407\" src=\"https:\/\/www.arthistorian.hu\/editandras\/wp-content\/uploads\/2024\/09\/Edit.Andras.hatarserto-kepzelet-bemutato5-1024x683.jpg\" alt=\"\" class=\"wp-image-407\" srcset=\"https:\/\/www.arthistorian.hu\/editandras\/wp-content\/uploads\/2024\/09\/Edit.Andras.hatarserto-kepzelet-bemutato5-1024x683.jpg 1024w, https:\/\/www.arthistorian.hu\/editandras\/wp-content\/uploads\/2024\/09\/Edit.Andras.hatarserto-kepzelet-bemutato5-300x200.jpg 300w, https:\/\/www.arthistorian.hu\/editandras\/wp-content\/uploads\/2024\/09\/Edit.Andras.hatarserto-kepzelet-bemutato5-768x512.jpg 768w, https:\/\/www.arthistorian.hu\/editandras\/wp-content\/uploads\/2024\/09\/Edit.Andras.hatarserto-kepzelet-bemutato5-1536x1024.jpg 1536w, https:\/\/www.arthistorian.hu\/editandras\/wp-content\/uploads\/2024\/09\/Edit.Andras.hatarserto-kepzelet-bemutato5-2048x1366.jpg 2048w\" sizes=\"auto, (max-width: 1024px) 100vw, 1024px\" \/><button\n\t\t\tclass=\"lightbox-trigger\"\n\t\t\ttype=\"button\"\n\t\t\taria-haspopup=\"dialog\"\n\t\t\taria-label=\"Enlarge\"\n\t\t\tdata-wp-init=\"callbacks.initTriggerButton\"\n\t\t\tdata-wp-on--click=\"actions.showLightbox\"\n\t\t\tdata-wp-style--right=\"state.imageButtonRight\"\n\t\t\tdata-wp-style--top=\"state.imageButtonTop\"\n\t\t>\n\t\t\t<svg xmlns=\"http:\/\/www.w3.org\/2000\/svg\" width=\"12\" height=\"12\" fill=\"none\" viewBox=\"0 0 12 12\">\n\t\t\t\t<path fill=\"#fff\" d=\"M2 0a2 2 0 0 0-2 2v2h1.5V2a.5.5 0 0 1 .5-.5h2V0H2Zm2 10.5H2a.5.5 0 0 1-.5-.5V8H0v2a2 2 0 0 0 2 2h2v-1.5ZM8 12v-1.5h2a.5.5 0 0 0 .5-.5V8H12v2a2 2 0 0 1-2 2H8Zm2-12a2 2 0 0 1 2 2v2h-1.5V2a.5.5 0 0 0-.5-.5H8V0h2Z\" \/>\n\t\t\t<\/svg>\n\t\t<\/button><\/figure>\n<\/figure>\n\n\n\n<p class=\"has-small-font-size\"><\/p>\n","protected":false},"excerpt":{"rendered":"<p>Imaginary transgression: Contemporary Art and Critical Theories on the Eastern Part of Europe (Hat\u00e1rs\u00e9rt\u0151 k\u00e9pzelet \u2013 Kort\u00e1rs m\u0171v\u00e9szet \u00e9s kritikai elm\u00e9let Eur\u00f3pa keleti fel\u00e9n.) Budapest: MTA B\u00f6lcs\u00e9szettudom\u00e1nyi Kutat\u00f3k\u00f6zpont, 2023 [in Hungarian] If I had to say in a nutshell what kind of book Edit Andr\u00e1s has written, the first thing that would come to mind [&hellip;]<\/p>\n","protected":false},"author":1,"featured_media":0,"parent":0,"menu_order":0,"comment_status":"closed","ping_status":"closed","template":"","meta":{"footnotes":""},"class_list":["post-404","page","type-page","status-publish","hentry"],"_links":{"self":[{"href":"https:\/\/www.arthistorian.hu\/editandras\/wp-json\/wp\/v2\/pages\/404","targetHints":{"allow":["GET"]}}],"collection":[{"href":"https:\/\/www.arthistorian.hu\/editandras\/wp-json\/wp\/v2\/pages"}],"about":[{"href":"https:\/\/www.arthistorian.hu\/editandras\/wp-json\/wp\/v2\/types\/page"}],"author":[{"embeddable":true,"href":"https:\/\/www.arthistorian.hu\/editandras\/wp-json\/wp\/v2\/users\/1"}],"replies":[{"embeddable":true,"href":"https:\/\/www.arthistorian.hu\/editandras\/wp-json\/wp\/v2\/comments?post=404"}],"version-history":[{"count":15,"href":"https:\/\/www.arthistorian.hu\/editandras\/wp-json\/wp\/v2\/pages\/404\/revisions"}],"predecessor-version":[{"id":470,"href":"https:\/\/www.arthistorian.hu\/editandras\/wp-json\/wp\/v2\/pages\/404\/revisions\/470"}],"wp:attachment":[{"href":"https:\/\/www.arthistorian.hu\/editandras\/wp-json\/wp\/v2\/media?parent=404"}],"curies":[{"name":"wp","href":"https:\/\/api.w.org\/{rel}","templated":true}]}}